 f = 56 + p. List the prime factors of f.
5, 7
Let t = 10 - 11. Let b be (-1)/t + (0 - -1). Suppose -g = -b*f - 5*g + 120, 0 = 3*f + 2*g - 172. List the prime factors of f.
2, 7
Let d be (28/(-8))/7*0. Suppose -7*b - b + 560 = d. What are the prime factors of b?
2, 5, 7
What are the prime factors of 4395/27 + (-2)/(-9)?
163
Let a be (-1 + 18)*1/1. Suppose 2*n - a = -7. Suppose 28 = 3*b - n*v - 42, 0 = 3*b - 4*v - 71. What are the prime factors of b?
5
Let a be 1/((-1)/9*-1). Let m = 12 - a. What are the prime factors of m*1*228/36?
19
Let c(w) = w**2 - 9*w + 4. Let x be c(7). Let h = -13 - x. What are the prime factors of h*((-224)/12)/4?
2, 7
List the prime factors of 4895/22*(-8)/(-5).
2, 89
Let g(s) = -25*s - 1. Suppose 6 = -d - 5*j, 0*d = -3*d - 5*j - 8. Let m be g(d). Let y = 44 - m. List the prime factors of y.
2, 5
List the prime factors of 2 - (-22254)/15 - (-6)/(-10).
3, 5, 11
Let i = -165 + 458. Suppose -5*z + i = -2*c, -5*z - c = 2*c - 273. What are the prime factors of z?
3, 19
Suppose 4 = y - 18. List the prime factors of (2/(-3))/(y/(-2178)).
2, 3, 11
Suppose 9*f + 77 = -67. Let k(q) = -q**2 - 17*q - 6. List the prime factors of k(f).
2, 5
Let f = 70 + 73. List the prime factors of f.
11, 13
Suppose 4*s - 8 = -3*x + x, 2*x - s = 8. Suppose 430 = -x*v + 1362. List the prime factors of v.
233
Let d = 98 - 108. List the prime factors of (-6)/(-15) - 2296/d.
2, 5, 23
Let o = 652 - 561. What are the prime factors of o?
7, 13
Suppose -u = -5*o + 1129 + 2562, -4*o + 2950 = 2*u. What are the prime factors of o?
2, 3, 41
Suppose z - h - 16 = 0, -2*z + 18 = -h - 14. Suppose 5*s - z = -f, -s = -3*s - 3*f - 4. Suppose -66 = -s*w + w. What are the prime factors of w?
2, 11
What are the prime factors of (-1789)/(-3) + 1 + (-12)/9?
2, 149
Let f(w) be the second derivative of -w**4/12 - 6*w. Let v be f(0). List the prime factors of -1*(-15 + v + -1).
2
Suppose 9*s - 925 = 5*s + q, 0 = -2*s - 2*q + 470. List the prime factors of s.
2, 29
Suppose 20 = 5*q, 2*y - 7*q = -2*q - 8. Let p = y + 32. Suppose -2*i + p = -3*o, 3*i + 4*o - 24 + 1 = 0. List the prime factors of i.
13
What are the prime factors of (-2)/(-25) + (-4063995)/(-1625)?
41, 61
List the prime factors of -3826*-1*(4 - -2)/12.
1913
Let d = 25 - -4. Suppose -4*q - d = 23. Let v = -4 - q. List the prime factors of v.
3
Let y(q) = -6*q - 15*q - 29 + 0 + 45 + 22*q. Suppose 6*o - 21 = 3*o. What are the prime factors of y(o)?
23
Suppose 5*r - 9*r + 20 = 0. Suppose -m - 298 = -r*t + 229, 0 = 2*t - m - 209. What are the prime factors of t?
2, 53
Let u = -927 + 589. Let s = -234 - u. What are the prime factors of s?
2, 13
Let w(y) = -y**2 + 22*y - 33*y + 1 - 1. Let c be w(-11). List the prime factors of 4 - (-28 + (4 - c)).
2, 7
Let y(c) = 4*c + 29. Let b be y(-7). Suppose 3*w + b - 13 = 0. What are the prime factors of w?
2
Let r = -633 + 1573. What are the prime factors of r?
2, 5, 47
List the prime factors of 488*(-25)/30*(-3)/2.
2, 5, 61
Suppose -8*l = -13*l + 625. What are the prime factors of l?
5
Suppose -13*t - 758 = -11*t. Let j = -226 - t. What are the prime factors of j?
3, 17
Suppose 11*f + 0*f = -242. Let j = 131 + f. List the prime factors of j.
109
Suppose -2*u = -0*u - 4, -12 = -r - 5*u. Suppose -r*o + 57 = o. What are the prime factors of o?
19
Let k be 0 + 2 + -11 + 16. Suppose 4*o - k*o = 18. List the prime factors of (o/(-24))/((-1)/(-76)).
19
Let n be (0 + 15)*(-7)/(126/(-570)). Suppose -5*u + 0*u = -n. List the prime factors of u.
5, 19
Let k = -11 + 11. Suppose -3*q + 2*q + 4 = k. What are the prime factors of 161/4 + q/(-16)?
2, 5
Suppose -l + 0 = w - 5, -5*w = 3*l - 21. Suppose 0 = -w*u + 5*z + 118, -5*u = -z - 265 + 61. What are the prime factors of u?
41
Let h = -5 - -7. Suppose -2*x = -3*z + 33, -38 = h*x - 3*z + 5*z. Let r = x - -32. What are the prime factors of r?
2, 7
Suppose f - 2 = -i + 2*i, -5*f - 5*i = -10. Suppose -f*j - 2*j = -308. What are the prime factors of j?
7, 11
Let s(x) = 3*x**2 + 2*x + 7*x**2 - 14*x**2. Let h be s(2). What are the prime factors of -9 - h - (-2 - 0)?
5
Let u(d) = -13 + 2*d - 12 + 27 + 26*d**2 - 5*d. Let w(i) = -i - 11. Let k be w(-12). List the prime factors of u(k).
5
Let v = 57 + -53. Suppose -102 = v*g - 5*g. List the prime factors of g.
2, 3, 17
Suppose -3*t = -4*t + 3. Suppose 2*s = t*s. Suppose s = 2*g - 45 - 11. What are the prime factors of g?
2, 7
Suppose 2*h + 2*d + 18 + 26 = 0, 0 = -4*h + 4*d - 72. Let u = -17 + 8. Let m = u - h. List the prime factors of m.
11
Let k(m) = -m**2 + 2*m + 1. Let f be k(-6). Let h = f + 105. What are the prime factors of h?
2, 29
What are the prime factors of 4 + -1 + (-197 - -4659)?
5, 19, 47
Let a(k) = -3*k**2 - 7*k + 3. Let d be a(-6). List the prime factors of (d/(-42))/((-3)/(-112)).
2, 7
Suppose -2*a + 5*o - 7 = 0, -2*a + 14 = -4*a - 2*o. Let s(n) = n. Let v be s(a). What are the prime factors of (-4)/(21/v + 3)?
2
Let r be (-2)/3*(-18)/4. Let m(i) = -i**2 + 11*i + 3*i**r - 2*i**3 - 3 - 8*i + 0. List the prime factors of m(2).
7
Let l(a) be the second derivative of a**4/12 + 3*a**3 - 7*a**2/2 + 4*a. Let z be l(-14). List the prime factors of 32/8 - (z + 1).
2, 3, 11
Suppose 5*d + 20 = -0*d. Let v(z) = z + 7. Let j be v(d). Suppose -4*p - 13 = -j*p - 4*c, -5*p - c = -19. What are the prime factors of p?
3
Suppose -3*h = -4*h + 4. What are the prime factors of -3*(-12 + h - -3)?
3, 5
Suppose 2*p - 8659 = -391. What are the prime factors of p?
2, 3, 13, 53
Suppose 80 = -4*r - 76. List the prime factors of 26/r*(-64 - -1).
2, 3, 7
Let b = -820 - -2278. List the prime factors of b.
2, 3
Suppose -2*l = l + 111. List the prime factors of 30/8*(-1 + (0 - l)).
3, 5
Let q(z) = 24*z + 26. Let x be 3/(-9)*6*9/(-2). What are the prime factors of q(x)?
2, 11
Let v(d) = d**3 + 15*d**2 - 5*d - 20. Let i be v(-15). Let l = -23 + i. Let n = l + -5. What are the prime factors of n?
3
Let a(j) = j + 7 + 4*j - 3*j. What are the prime factors of a(4)?
3, 5
Let s be (-1)/((-33)/(-36) + -1). Let x be (3 - 2)/(1/s). Suppose 4*f - 60 - x = 0. What are the prime factors of f?
2, 3
Let w = 39 + 2. Let c(u) = -u - 6. Let d be c(-6). Suppose -x - g + 38 = 0, d = -2*x - 0*x + 5*g + w. What are the prime factors of x?
3, 11
Suppose 3*i - 16 = -13. Let f(l) = 350*l**3 + 3*l - 2. List the prime factors of f(i).
3, 13
Suppose -6*t = 2*f - 3*t + 9, -3 = -3*f + t. Suppose -4*y - 8 + 64 = f. Let z = 26 - y. List the prime factors of z.
2, 3
Let f(l) = l**3 - 21*l**2 + 53*l - 31. List the prime factors of f(22).
1619
Suppose 5*k - 10 - 25 = 0. Let s(w) = -w**2 + 9*w - 11. What are the prime factors of s(k)?
3
Let p = 1965 + -1333. List the prime factors of p.
2, 79
Let r(v) = -170*v**3 + 3*v**2 + 7*v + 9. List the prime factors of r(-2).
1367
Let p be (-200)/(-3)*6/(-4). Let m = 22 - p. List the prime factors of m.
2, 61
Suppose t - 1596 = -830. List the prime factors of t.
2, 383
Let l be -1*(-7)/(21/15). Suppose 4*i = 4*x + 860, -2*i + l*x - 37 = -455. What are the prime factors of i?
3, 73
Let t be (0 + 1)/(2/10). Suppose 0 = t*c - 191 - 209. What are the prime factors of c?
2, 5
Let n = -5019 - -7081. List the prime factors of n.
2, 1031
Let b(l) = 3*l**2 - l + 2. Let d be b(1). Suppose -d*w + 299 = 5*g - 3*w, -5*w + 138 = 2*g. What are the prime factors of g?
59
Let s be 615/195 - (-4)/(-26). Suppose -s*c = -2*c - 9. What are the prime factors of c?
3
Let f(c) = -3 + 10 + 14 - 2 + 3*c. What are the prime factors of f(7)?
2, 5
What are the prime factors of 25/(-1)*(-41 + 13)?
2, 5, 7
Let p = 27 - 21. Suppose -p*v = 15 - 45. Suppose y + 149 = v*f, 3*f - 5*f = -3*y - 70. What are the prime factors of f?
29
Let u = 1536 + 1039. List the prime factors of u.
5, 103
Let n(v) = v**2 + 33*v - 95. List the prime factors of n(-44).
389
Let x = -384 + 778. List the prime factors of x.
2, 197
List the prime factors of (4/(-6))/(-2*(-3)/(-1611)).
179
Suppose 5*h - 18*q = -17*q + 7550, 2*q + 4530 = 3*h. What are the prime factors of h?
2, 5, 151
Suppose -2*r - l = -6448, 3*l = -9*r + 6*r + 9669. List the prime factors of r.
3, 5, 43
Suppose 201 = -4*l + 1365. What are the prime factors of l?
3, 97
Let s be -27 - (-2 - 25/(-5)). Let h be -10*3*5/s. Suppose -2*d = -h*d + 12. What are the prime factors of d?
2
Suppose 0 = -2*s + 5*